*3/6 + 2*y**2. Let h be m(-1). Let t = h + -17. What is the tens digit of t?
1
Suppose -972 = -30*x + 2868. What is the units digit of x?
8
Let h(d) = -d**3 + 3*d**2 - 4*d - 4. Let w be h(4). Let x be ((-2)/3)/(8/w). Suppose 4*u - 68 = x*t, 2*t = -4*u - t + 44. What is the units digit of u?
4
Suppose 0 = 3*l + 101 - 329. What is the tens digit of l - ((-110)/(-25) - (-4)/(-10))?
7
Let q(y) = -2*y**2 + 4. Let x be q(-2). Let i be (-9)/x - 1/4. Suppose 0*c - 9 = -4*c + o, 2*o - 2 = -i*c. What is the units digit of c?
2
Suppose -5*v - 3 = y, 2*v + 15 = -0*y - 5*y. Suppose -2*h - 3 + 13 = v. Suppose -10*c + h*c + 20 = 0. What is the units digit of c?
4
Let n = -1 - 19. Let t = 113 - n. What is the tens digit of t?
3
Let r(c) = c**3 - 15*c**2 - 3. Let x be r(15). Let n = 114 - x. What is the units digit of n?
7
Let c be -6 + 0 + 4 - (1 - -1). Let n = -4 + 7. Let r = n - c. What is the units digit of r?
7
Let c = 21 + -14. Suppose 5*g - 2*n = c, -2*g - 2*g + 2*n = -4. Suppose 38 = -g*b + 101. What is the units digit of b?
1
Let y = 328 + 3148. What is the hundreds digit of y?
4
Let h(d) be the second derivative of -2*d**3/3 - 15*d**2/2 + 8*d. What is the units digit of h(-9)?
1
Suppose -y = 3*w - 4*w + 7, 2*y + 2*w + 14 = 0. Let f(i) = -2*i - 19. Let c be f(y). What is the units digit of 3 + c - (1 + -5)?
2
Let k = 468 - 96. What is the tens digit of k?
7
Suppose -18*q = -29*q + 198. Suppose 3*y + v = 57, y = -0*y - 3*v + 27. What is the units digit of 230/y - (-4)/q?
3
Suppose 4*n - 10852 = -3*j, 0 = -4*j - 6*n + 4*n + 14456. What is the thousands digit of j?
3
Suppose -4*i - 4 = 4*r, -5*r + 0*r - 5 = 0. Suppose i = -2*b - b + 18. What is the units digit of b*(-10)/(-8)*2?
5
Let u(a) = a**3 + 11*a**2 + 9*a - 5. Let g be u(-10). Let w be (-7)/(-21)*3*3. Suppose 0 = g*p - 2 - w. What is the units digit of p?
1
Let n(b) be the second derivative of b**4/3 - 4*b**3/3 + 10*b**2 - b. Let a be n(9). Suppose a - 77 = 5*d. What is the units digit of d?
9
Suppose -4*m + 21*m - 18343 = 0. What is the hundreds digit of m?
0
Let u be (2/(-3))/(3/(-63)). Let x be (12/u)/((-4)/(-28)). Let t = 16 - x. What is the tens digit of t?
1
Let z(t) = -2*t - 8. Let p be z(-4). Suppose -4*q + 5*c = -p + 4, c = q. Suppose 36 = 2*s + 2*s + q*a, -4*s + 3*a + 29 = 0. What is the units digit of s?
8
What is the hundreds digit of (3/(-15) - 72/40) + 1813?
8
Let f = -44 + 59. Let w = 37 - f. What is the units digit of w?
2
Let r = 316 + 732. What is the thousands digit of r?
1
Suppose 8*v - 3*v - 5*j = 175, 0 = 2*v - 4*j - 62. What is the tens digit of 36*(v/6 + -2)?
6
Let w(c) = 372*c + 11. What is the units digit of w(1)?
3
Let i(r) = 18*r - 2. Let v be i(1). What is the tens digit of (71/4)/(4/v)?
7
Suppose -n + 3 = -5*j, 2*j - 3 = -n + j. Suppose n*z = z - 4. Let v = 61 + z. What is the units digit of v?
9
Let g = -4746 - -8355. What is the tens digit of g?
0
Suppose -7*a + 3*a + 8 = 0. Let g be (0 - 14)/(-2) + -1. What is the units digit of 3/a - (-15)/g?
4
Let r = -1942 - -5849. What is the hundreds digit of r?
9
What is the hundreds digit of 26*7260/216 - (-1)/9?
8
Let n(w) = 972*w - 51. What is the tens digit of n(6)?
8
Let d = 915 - 111. What is the units digit of d?
4
What is the tens digit of (-9)/90 - (-22005)/50?
4
Let s(k) = 9*k - 40. Let g be s(5). Suppose -b - 3*q = -292, -b - g*q + 587 = b. What is the units digit of b?
1
What is the tens digit of (-168)/(-1) - (8 - 21/3)?
6
Suppose -19*y - 15 = -72. What is the units digit of y?
3
Suppose 3*w + 19 = 832. What is the tens digit of w?
7
Let s be (-1116 - 8)*(-3)/12. Let h = -102 + s. What is the hundreds digit of h?
1
Suppose 15 = 4*b - 5*x, 5*b + 4*x = -7 + 36. Suppose 3*k + 0*w - b*w = 49, k = 3*w + 15. What is the tens digit of k?
1
Suppose -4576 = 18*i - 34*i. What is the units digit of i?
6
Let h(f) = f**3 + 2*f**2 + f + 12. What is the hundreds digit of h(4)?
1
Suppose r - 3024 = -2*a + 6*r, -r - 4562 = -3*a. What is the hundreds digit of a?
5
Let b(w) = -11*w - 4. Let j be b(-1). Suppose -a + j = -169. What is the tens digit of a?
7
Let k(i) = 84*i**2 + i. Let c be k(-1). Suppose -4*w + 319 = c. What is the units digit of w?
9
Let w be 4/14 + (-36)/(-21). What is the units digit of (12/4 - -65)*w?
6
Suppose -523 = -14*b + 2725. What is the tens digit of b?
3
Let q be 10/4 - (-18)/(-12). Let k(n) = 6*n**2 + n - 5. Let y(v) = -v**2 + v. Let p(z) = q*k(z) + 3*y(z). What is the tens digit of p(-4)?
2
Suppose -9*s - 270 = -12*s. Let o = s - 46. What is the units digit of o?
4
Let x be 2 - 8/(-6)*-6. Let a(w) = -2*w**3 - 9*w**2 - 3*w - 1. What is the tens digit of a(x)?
2
Suppose 41*z - 42*z = 4, 3*z - 4598 = -5*g. What is the units digit of g?
2
Let u(t) = 20*t + 14. Let x be u(6). What is the tens digit of (x/(-8))/(3/(-12))?
6
Suppose 3*r + 533 - 1880 = 0. What is the tens digit of r?
4
Suppose 297*w - 4911 = 294*w. What is the units digit of w?
7
Let q = 776 - 335. What is the hundreds digit of q?
4
Let k = -17 - -7. Let d(o) = -3*o - 8 + o + 2. What is the tens digit of d(k)?
1
Suppose -6*c + 4968 = 1668. Let d be ((-24)/(-5))/(10/c). Suppose 4*z + 0*z - d = 0. What is the tens digit of z?
6
Let q(i) = 34*i**2 + 1. Let x(h) = -h**3 + h**2 - 2*h - 1. Let d be x(0). What is the tens digit of q(d)?
3
Let t(r) = 3*r. Let b(p) = -1. Let k(h) = -b(h) - t(h). What is the tens digit of k(-11)?
3
Suppose 0 = -5*a - 3*b - 2556, 4*b - 527 + 25 = a. What is the hundreds digit of (3/(-5))/(2/a) - -1?
1
Let k(r) = 4*r**3 + r. Let q be k(1). Let t be (28/112)/((-1)/(-20)). Suppose -32 = -4*d + 3*z, 27 = -t*d - q*z + 67. What is the units digit of d?
8
Let a be (1 + 10)*(1 - 0). Let j(p) = 24*p - 21. What is the hundreds digit of j(a)?
2
Suppose 2*w - 6*w + 196 = 5*y, 3*y = -4*w + 124. Suppose -3*m - y = -225. What is the tens digit of m?
6
Let s(h) = -h + 1. Let c(b) = 2*b + 4 - 2*b + 7*b - 15. Let v(q) = c(q) + 3*s(q). What is the tens digit of v(7)?
2
Let k = -11 - -19. Let h = k - 1. Let c(d) = 3*d + 4. What is the tens digit of c(h)?
2
Suppose 0*r + 13 = -r. Let u be (r/39)/((-2)/(-18)). What is the tens digit of 29 - 0/(3/u)?
2
Let t(u) = u**2 + 30*u + 7. What is the tens digit of t(-36)?
2
Let w(v) = 2*v**2 + 7*v - 9. Suppose 0 = 4*d + 2*d + 54. What is the tens digit of w(d)?
9
Let g(h) = -183*h - 8. What is the units digit of g(-4)?
4
Suppose -39*l - 9*l + 154944 = 0. What is the tens digit of l?
2
Suppose -43*w - 20*w + 177471 = 0. What is the thousands digit of w?
2
Suppose 35 - 200 = -3*q. What is the tens digit of q?
5
Let r(f) = f**2 + 12*f - 11. Let k be r(-13). Suppose 5*u + 2*a - 33 = 0, 0 = 2*a - k + 4. What is the units digit of u?
7
Let z(c) = c**3 - 4*c**2 + 2*c + 1. Suppose 5*r + 5*f = 45, 0 = -4*r - f + 3*f + 6. What is the units digit of z(r)?
9
Suppose 7*h - 284 = 8151. What is the thousands digit of h?
1
Let y(j) = j - 6. Let o be y(-8). Let d = 19 + o. What is the units digit of d?
5
Suppose 4*c + 1292 = -2*w, 3*w = -c + 4*w - 317. Let m = c - -464. What is the tens digit of m?
4
What is the thousands digit of (40/6)/(-2)*(27 - 483)?
1
Suppose -2*u - 2*c + c = -11, -3*u = -3*c - 30. Let x = u - -9. What is the units digit of x?
6
Let x = 78 + -170. Let l = 199 + x. Suppose y + l = 3*n - y, n = -2*y + 41. What is the units digit of n?
7
Let h be (-2)/(3 - (-2289)/(-765))*-1. Suppose -2*w = s - 101, -h = -8*w + 3*w - 3*s. What is the units digit of w?
8
Let p = 1009 + 800. What is the hundreds digit of p?
8
Let j = 29 - 28. What is the tens digit of (-1 - -5) + (28 - j)?
3
Let i(v) = -388*v + 266. What is the tens digit of i(-3)?
3
Let h be (3 + 10/(-3))*87. Suppose 0 = x - 5*p, 2*p + 0*p = -4*x. Let a = x - h. What is the units digit of a?
9
Let n(m) = -m**3 - 17*m**2 - 16*m - 14. Let u be n(-16). Let x = -8 - u. What is the units digit of x?
6
Let s(u) = -u**2 + 19*u - 36. Let a be s(17). What is the tens digit of (185/(-20) - a)/((-1)/8)?
5
Suppose -2*q + 1790 = -2*z, 2*z + 1165 + 2405 = 4*q. What is the tens digit of q?
9
Let i(z) = -4*z + 2. Let g(a) be the first derivative of -3*a**2 + 3*a - 1. Let l(m) = -5*g(m) + 7*i(m). What is the tens digit of l(6)?
1
Suppose -3*s + 1272 = 4*h, 0 = -4*s + 3*h - 2*h + 1696. What is the hundreds digit of s?
4
Suppose -2*y - f = -19, -5*f - 10 = -4*y + 63